{"id":2,"date":"2010-09-21T13:02:26","date_gmt":"2010-09-21T13:02:26","guid":{"rendered":"http:\/\/rennkombi.info\/wordpress\/?page_id=2"},"modified":"2024-02-09T14:20:45","modified_gmt":"2024-02-09T14:20:45","slug":"eine-seite","status":"publish","type":"page","link":"http:\/\/rennkombi.info\/?page_id=2","title":{"rendered":"Anpassen"},"content":{"rendered":"<p><img loading=\"lazy\" class=\"size-full wp-image-100\" title=\"aenderungen\" src=\"http:\/\/rennkombi.info\/wordpress\/wp-content\/uploads\/aenderungen.jpg\" alt=\"Lederkombi anpassung aller Hersteller\" width=\"704\" height=\"206\" srcset=\"http:\/\/rennkombi.info\/wordpress\/wp-content\/uploads\/aenderungen.jpg 1024w, http:\/\/rennkombi.info\/wordpress\/wp-content\/uploads\/aenderungen-300x87.jpg 300w\" sizes=\"(max-width: 704px) 100vw, 704px\" \/><\/p>\n<p><span style=\"color: #ffff00;\"><strong>Bei uns k\u00f6nnen Sie Lederkombis aller Hersteller optimal &#8222;anpassen&#8220; lassen.<\/strong><\/span><\/p>\n<p>Sie haben eine Lederkombi die nicht optimal passt! Wir passen diese gerne f\u00fcr Sie an!<\/p>\n<p>F\u00fcr die Anpassung (\u00c4nderung) verwenden wir nur hochwertigste Materialien, die wir auch in unserer Motorradbekleidung verarbeiten.<\/p>\n<p>Alle betroffenen N\u00e4hte werden wieder mit einer Sicherheitsnaht versehen!<\/p>\n<h4>Weitere Info`s findest du auf unserer Hausseite:<\/h4>\n<h4><a href=\"https:\/\/alne-leder.de\/aenderungen\/\">https:\/\/alne-leder.de\/aenderungen<\/a><\/h4>\n","protected":false},"excerpt":{"rendered":"<p>Bei uns k\u00f6nnen Sie Lederkombis aller Hersteller optimal &#8222;anpassen&#8220; lassen. Sie haben eine Lederkombi die nicht optimal passt! Wir passen diese gerne f\u00fcr Sie an! F\u00fcr die Anpassung (\u00c4nderung) verwenden wir nur hochwertigste Materialien, die wir auch in unserer Motorradbekleidung verarbeiten. Alle betroffenen N\u00e4hte werden wieder mit einer Sicherheitsnaht versehen! Weitere Info`s findest du auf [&#038;hellip<\/p>\n","protected":false},"author":1,"featured_media":0,"parent":0,"menu_order":0,"comment_status":"closed","ping_status":"closed","template":"page-noside-nocomment.php","meta":[],"_links":{"self":[{"href":"http:\/\/rennkombi.info\/index.php?rest_route=\/wp\/v2\/pages\/2"}],"collection":[{"href":"http:\/\/rennkombi.info\/index.php?rest_route=\/wp\/v2\/pages"}],"about":[{"href":"http:\/\/rennkombi.info\/index.php?rest_route=\/wp\/v2\/types\/page"}],"author":[{"embeddable":true,"href":"http:\/\/rennkombi.info\/index.php?rest_route=\/wp\/v2\/users\/1"}],"replies":[{"embeddable":true,"href":"http:\/\/rennkombi.info\/index.php?rest_route=%2Fwp%2Fv2%2Fcomments&post=2"}],"version-history":[{"count":15,"href":"http:\/\/rennkombi.info\/index.php?rest_route=\/wp\/v2\/pages\/2\/revisions"}],"predecessor-version":[{"id":199,"href":"http:\/\/rennkombi.info\/index.php?rest_route=\/wp\/v2\/pages\/2\/revisions\/199"}],"wp:attachment":[{"href":"http:\/\/rennkombi.info\/index.php?rest_route=%2Fwp%2Fv2%2Fmedia&parent=2"}],"curies":[{"name":"wp","href":"https:\/\/api.w.org\/{rel}","templated":true}]}}